en 199133123 is divided by 4115?
43
What is the remainder when 2279696 is divided by 12453?
797
Calculate the remainder when 275757 is divided by 3535.
27
Calculate the remainder when 53639 is divided by 26720.
199
What is the remainder when 920259 is divided by 98?
39
Calculate the remainder when 925563 is divided by 1464.
315
What is the remainder when 408204 is divided by 137?
81
What is the remainder when 19244399 is divided by 3207395?
29
Calculate the remainder when 974457 is divided by 80.
57
What is the remainder when 12213866 is divided by 304?
58
What is the remainder when 2543208 is divided by 1153?
843
Calculate the remainder when 140675 is divided by 176.
51
What is the remainder when 426700914 is divided by 61?
58
Calculate the remainder when 5496311 is divided by 879.
803
What is the remainder when 369595 is divided by 137?
106
Calculate the remainder when 30794991 is divided by 10265.
10256
Calculate the remainder when 114605 is divided by 19081.
119
What is the remainder when 6375434 is divided by 141?
119
Calculate the remainder when 134474 is divided by 11988.
2606
What is the remainder when 57358260 is divided by 8?
4
Calculate the remainder when 86673621 is divided by 9630401.
12
Calculate the remainder when 5018590 is divided by 242.
236
What is the remainder when 641178 is divided by 159849?
1782
Calculate the remainder when 57671710 is divided by 186.
178
What is the remainder when 376264 is divided by 93940?
504
Calculate the remainder when 5237593 is divided by 5090.
5073
Calculate the remainder when 18137567 is divided by 43.
38
What is the remainder when 47130657 is divided by 924130?
27
What is the remainder when 751087 is divided by 370154?
10779
What is the remainder when 1255231 is divided by 143?
120
Calculate the remainder when 203390537 is divided by 626.
7
Calculate the remainder when 1551815 is divided by 67470.
5
What is the remainder when 1448329 is divided by 723640?
1049
What is the remainder when 3745090 is divided by 197105?
95
What is the remainder when 11748180 is divided by 6?
0
Calculate the remainder when 325954 is divided by 6268.
18
Calculate the remainder when 417179 is divided by 5445.
3359
Calculate the remainder when 2638185 is divided by 65953.
65
Calculate the remainder when 9214655 is divided by 44.
43
What is the remainder when 373349413 is divided by 186674704?
5
Calculate the remainder when 1640073 is divided by 52.
45
What is the remainder when 4215836 is divided by 2107914?
8
Calculate the remainder when 80971064 is divided by 106.
102
Calculate the remainder when 307171697 is divided by 981.
977
What is the remainder when 4478034 is divided by 347?
346
What is the remainder when 646396 is divided by 710?
296
Calculate the remainder when 19981 is divided by 5019.
4924
Calculate the remainder when 3302341 is divided by 121.
9
Calculate the remainder when 30732517 is divided by 313597.
11
Calculate the remainder when 3886774 is divided by 1977.
1969
What is the remainder when 49625 is divided by 24310?
1005
What is the remainder when 285990 is divided by 94962?
1104
Calculate the remainder when 176062 is divided by 43869.
586
What is the remainder when 223827369 is divided by 22?
7
Calculate the remainder when 321909 is divided by 63767.
3074
Calculate the remainder when 92968 is divided by 23086.
624
Calculate the remainder when 84676 is divided by 7620.
856
Calculate the remainder when 4883319 is divided by 10.
9
What is the remainder when 80858516 is divided by 20214626?
12
What is the remainder when 1207574 is divided by 203?
130
What is the remainder when 213105 is divided by 7103?
15
What is the remainder when 195887 is divided by 48854?
471
What is the remainder when 57342 is divided by 2267?
667
What is the remainder when 101336 is divided by 154?
4
What is the remainder when 4466645 is divided by 25?
20
What is the remainder when 1869303 is divided by 133520?
23
What is the remainder when 24639 is divided by 22146?
2493
What is the remainder when 54135331 is divided by 17?
4
Calculate the remainder when 352816 is divided by 23513.
121
What is the remainder when 1145411 is divided by 228900?
911
What is the remainder when 16720302 is divided by 1654?
16
Calculate the remainder when 808828 is divided by 315.
223
Calculate the remainder when 5939 is divided by 4746.
1193
What is the remainder when 420068350 is divided by 8184?
8182
What is the remainder when 75159462 is divided by 2656?
2630
What is the remainder when 33074 is divided by 6451?
819
Calculate the remainder when 7159251 is divided by 299.
294
Calculate the remainder when 26243862 is divided by 317.
66
What is the remainder when 840303 is divided by 419983?
337
What is the remainder when 34632281 is divided by 234?
47
What is the remainder when 25739164 is divided by 55?
44
Calculate the remainder when 8171 is divided by 3058.
2055
What is the remainder when 258166 is divided by 3853?
15
What is the remainder when 62598601 is divided by 494?
403
Calculate the remainder when 2194078 is divided by 5325.
178
Calculate the remainder when 10791875 is divided by 1021.
926
Calculate the remainder when 26018906 is divided by 732.
698
Calculate the remainder when 341136 is divided by 59.
57
What is the remainder when 3378789 is divided by 60?
9
What is the remainder when 577720 is divided by 57772?
0
What is the remainder when 76066629 is divided by 71?
69
What is the remainder when 29190 is divided by 1937?
135
What is the remainder when 31149 is divided by 13818?
3513
Calculate the remainder when 3176911 is divided by 919.
847
Calculate the remainder when 1958852 is divided by 262.
140
What is the remainder when 15181104 is divided by 26?
16
Calculate the remainder when 275611 is divided by 1323.
427
What is the remainder when 241072 is divided by 2313?
520
Calculate the remainder when 2196669 is divided by 2722.
15
What is the remainder when 4346661 is divided by 62095?
11
Calculate the remainder when 370121 is divided by 16090.
51
What is the remainder when 3887962 is divided by 1108?
1098
What is the remainder when 245707082 is divided by 17?
13
What is the remainder when 8589636 is divided by 1664?
68
What is the remainder when 423873 is divided by 803?
692
What is the remainder when 13556803 is divided by 415?
413
Calculate the remainder when 20285668 is divided by 2897951.
11
Calculate the remainder when 551951 is divided by 10221.
17
What is the remainder when 727941 is divided by 363958?
25
Calculate the remainder when 194965 is divided by 64577.
1234
What is the remainder when 75336 is divided by 31?
6
Calculate the remainder when 280236 is divided by 2016.
12
What is the remainder when 23724270 is divided by 11862105?
60
Calculate the remainder when 32117593 is divided by 118.
117
Calculate the remainder when 3028138 is divided by 86518.
8
What is the remainder when 63424 is divided by 63220?
204
Calculate the remainder when 5001700 is divided by 31.
5
Calculate the remainder when 1125599 is divided by 10421.
131
What is the remainder when 50497585 is divided by 818?
809
Calculate the remainder when 10917244 is divided by 460.
64
What is the remainder when 6042355 is divided by 10437?
9769
Calculate the remainder when 568604971 is divided by 124.
119
What is the remainder when 178121 is divided by 778?
737
What is the remainder when 163306 is divided by 1374?
1174
Calculate the remainder when 27999 is divided by 2551.
2489
What is the remainder when 6046344 is divided by 2015440?
24
What is the remainder when 19579836 is divided by 3915965?
11
What is the remainder when 4391659 is divided by 4344?
4219
Calculate the remainder when 853919 is divided by 8539.
19
What is the remainder when 5149812 is divided by 54?
48
Calculate the remainder when 232989 is divided by 10129.
22
Calculate the remainder when 92557 is divided by 18505.
32
What is the remainder when 134088 is divided by 1536?
456
Calculate the remainder when 2391505 is divided by 741.
298
Calculate the remainder when 169800 is divided by 148.
44
What is the remainder when 432936 is divided by 793?
751
What is the remainder when 1337409 is divided by 147?
3
What is the remainder when 814150 is divided by 27137?
40
Calculate the remainder when 3046237